ens digit of 41023?
2
What is the hundreds digit of 28103?
1
What is the units digit of 4200?
0
What is the hundreds digit of 4162?
1
What is the units digit of 14975?
5
What is the ten thousands digit of 131788?
3
What is the hundreds digit of 6068?
0
What is the hundreds digit of 1647?
6
What is the tens digit of 178?
7
What is the units digit of 16812?
2
What is the thousands digit of 2158?
2
What is the ten thousands digit of 17568?
1
What is the units digit of 489?
9
What is the thousands digit of 1622?
1
What is the units digit of 786?
6
What is the units digit of 3132?
2
What is the tens digit of 804?
0
What is the thousands digit of 9822?
9
What is the thousands digit of 97597?
7
What is the units digit of 3451?
1
What is the tens digit of 12517?
1
What is the units digit of 1439?
9
What is the tens digit of 59?
5
What is the hundreds digit of 1371?
3
What is the thousands digit of 21122?
1
What is the thousands digit of 4277?
4
What is the hundreds digit of 52543?
5
What is the thousands digit of 3906?
3
What is the units digit of 2652?
2
What is the units digit of 196?
6
What is the units digit of 103?
3
What is the thousands digit of 31342?
1
What is the hundreds digit of 280?
2
What is the units digit of 16069?
9
What is the units digit of 2275?
5
What is the thousands digit of 5318?
5
What is the hundreds digit of 853?
8
What is the units digit of 1037?
7
What is the hundreds digit of 59546?
5
What is the hundreds digit of 419?
4
What is the hundreds digit of 4416?
4
What is the thousands digit of 6961?
6
What is the ten thousands digit of 24274?
2
What is the tens digit of 541?
4
What is the tens digit of 4450?
5
What is the units digit of 554?
4
What is the tens digit of 679?
7
What is the tens digit of 721?
2
What is the tens digit of 2293?
9
What is the tens digit of 1490?
9
What is the tens digit of 1066?
6
What is the thousands digit of 1257?
1
What is the thousands digit of 15471?
5
What is the hundreds digit of 182?
1
What is the tens digit of 17156?
5
What is the units digit of 76122?
2
What is the thousands digit of 3852?
3
What is the tens digit of 81835?
3
What is the thousands digit of 1462?
1
What is the tens digit of 192800?
0
What is the thousands digit of 11427?
1
What is the units digit of 7909?
9
What is the units digit of 5585?
5
What is the hundreds digit of 14644?
6
What is the thousands digit of 1913?
1
What is the units digit of 64601?
1
What is the hundreds digit of 2417?
4
What is the hundreds digit of 1180?
1
What is the units digit of 104?
4
What is the thousands digit of 2371?
2
What is the tens digit of 1497?
9
What is the tens digit of 1332?
3
What is the thousands digit of 16729?
6
What is the tens digit of 1079?
7
What is the tens digit of 37?
3
What is the units digit of 73504?
4
What is the ten thousands digit of 78752?
7
What is the tens digit of 1243?
4
What is the thousands digit of 1161?
1
What is the ten thousands digit of 88901?
8
What is the thousands digit of 4887?
4
What is the hundreds digit of 5635?
6
What is the ten thousands digit of 88909?
8
What is the thousands digit of 1044?
1
What is the hundred thousands digit of 160968?
1
What is the units digit of 2490?
0
What is the units digit of 1015?
5
What is the hundreds digit of 4923?
9
What is the tens digit of 81805?
0
What is the hundreds digit of 9282?
2
What is the thousands digit of 1855?
1
What is the tens digit of 237?
3
What is the units digit of 21110?
0
What is the tens digit of 2817?
1
What is the hundreds digit of 2573?
5
What is the hundreds digit of 430?
4
What is the tens digit of 1239?
3
What is the tens digit of 114947?
4
What is the units digit of 7089?
9
What is the hundred thousands digit of 124462?
1
What is the units digit of 109?
9
What is the thousands digit of 2930?
2
What is the tens digit of 60595?
9
What is the thousands digit of 58114?
8
What is the tens digit of 46015?
1
What is the thousands digit of 2632?
2
What is the hundred thousands digit of 105297?
1
What is the hundreds digit of 8572?
5
What is the hundreds digit of 1352?
3
What is the ten thousands digit of 10788?
1
What is the tens digit of 922?
2
What is the units digit of 3374?
4
What is the thousands digit of 4409?
4
What is the hundreds digit of 47127?
1
What is the hundreds digit of 7202?
2
What is the tens digit of 8755?
5
What is the hundreds digit of 6177?
1
What is the thousands digit of 3715?
3
What is the tens digit of 3244?
4
What is the units digit of 289?
9
What is the tens digit of 441?
4
What is the thousands digit of 39748?
9
What is the thousands digit of 7512?
7
What is the ten thousands digit of 58607?
5
What is the ten thousands digit of 11903?
1
What is the units digit of 2487?
7
What is the tens digit of 16446?
4
What is the thousands digit of 3094?
3
What is the ten thousands digit of 18472?
1
What is the hundreds digit of 2160?
1
What is the units digit of 13744?
4
What is the thousands digit of 38172?
8
What is the hundreds digit of 670?
6
What is the hundreds digit of 10199?
1
What is the units digit of 7056?
6
What is the units digit of 486?
6
What is the ten thousands digit of 24712?
2
What is the units digit of 768?
8
What is the hundreds digit of 49256?
2
What is the tens digit of 768?
6
What is the tens digit of 62838?
3
What is the tens digit of 526?
2
What is the units digit of 17604?
4
What is the thousands digit of 2095?
2
What is the thousands digit of 1661?
1
What is the hundred thousands digit of 131088?
1
What is the thousands digit of 1389?
1
What is the tens digit of 5652?
5
What is the tens digit of 22381?
8
What is the units digit of 248?
8
What is the ten thousands digit of 14898?
1
What is the tens digit of 55966?
6
What is the thousands digit of 11580?
1
What is the units digit of 4859?
9
What is the thousands digit of 1744?
1
What is the ten thousands digit of 34051?
3
What is the thousands digit of 3202?
3
What is the hundreds digit of 11741?
7
What is the hundreds digit of 10858?
8
What is the thousands digit of 12462?
2
What is the units digit of 47471?
1
What is the hundreds digit of 51967?
9
What is the hundreds digit of 15171?
1
What is the hundreds digit of 3996?
9
What is the hundreds digit of 146?
1
What is the thousands digit of 1651?
1
What is the units digit of 18494?
4
What is the units digit of 444?
4
What is the hundreds digit of 155798?
7
What is the hundreds digit of 7045?
0
What is the units digit of 3352?
2
What is the tens digit of 375?
7
What is the hundreds digit of 16045?
0
What is the ten thousands digit of 12729?
1
What is the units digit of 87468?
8
What is the hundreds digit of 63444?
4
What is the tens digit of 10736?
3
What is the units digit of 4269?
9
What is the tens digit of 1040?
4
What is the units digit of 36962?
2
What is the units digit of 908?
8
What is the thousands digit of 93421?
3
What is the units digit of 10638?
8
What is the tens digit of 85?
8
What is the thousands digit of 4062?
4
What is the thousands digit of 1150?
1
What is the tens digit of 3083?
8
What is the hundreds digit of 946?
9
What is the tens digit of 2464?
6
What is the units digit of 1265?
5
What is the tens digit of 12956?
5
What is the ten thousands digit of 127836?
2
What is the tens digit of 12507?
0
What is the thousands digit of 3500?
3
What is the units digit of 597?
7
What is the units digit of 381?
1
What is the units digit of 330?
0
What is the thousands digit of 2003?
2
What is the units digit of 6493?
3
What is the hundreds digit of 20619?
6
What is the units digit of 2499?
9
What is the thousands digit of 12715?
2
What is the hundreds digit of 31802?
8
What is the hundreds digit of 3890?
8
What is the tens digit of 39506?
0
What is the thousands digit of 2707?
2
What is the tens digit of 77372?
7
What is the tens digit of 2393?
9
What is the units digit of 22536?
6
What is the thousands digit of 47372?
7
What is the hundreds digit of 125638?
6
What is the hundreds digit of 8471?
4
What is the hundreds digit of 36064?
0
What is the units digit of 27611?
1
What is the tens digit of 1520?
2
What is the thousands digit of 1175?
1
What is the hundreds digit of 68966?
9
What is the ten thousands digit of 24772?
2
What is the tens digit of 8920?
2
What is the thousands digit 